3, -x + 44 = -3*t. Suppose 26*n - x*n + 1809 = 0. Is n composite?
True
Let y(n) = n**2 + 33*n + 66. Let p be y(-31). Is 1 + p - 19/(57/(-66786)) a composite number?
True
Suppose -5*x - 1048 = 2*u + 1436, 2*x + 1008 = 4*u. Let i = x + 983. Is i composite?
True
Let m be ((-3330)/10)/(((-3)/(-1))/(-87)). Let h = 14330 - m. Is h prime?
True
Let b(i) = -2*i**3 - 98*i**2 + 277*i - 355. Is b(-94) prime?
False
Let t be (9/(-9))/(1/(-2)). Suppose 2*m + 5*a = t*a + 30, 38 = 2*m + a. Is 5900/28 - (57/m + -3) prime?
True
Suppose 13*t - v = 12*t + 2067296, -4*t + 8269265 = 5*v. Is t prime?
False
Is (-227676)/(-10) - 364/(-260) a composite number?
False
Let j = -25686 + 57762. Suppose -87209 = -13*x - j. Is x composite?
False
Let y = 46266 - 15509. Is y prime?
True
Is ((-7)/(-1) + 120/(-16))/((-1)/737674) a composite number?
True
Let j(c) = -67*c - 50. Let u be j(14). Let h = u - -1991. Is h a composite number?
True
Is 55769907/1243 + 2/(-11) a composite number?
False
Suppose -3*y = 2*y - 40. Suppose -l = y*l - 42489. Is l a prime number?
True
Let y(x) = -4*x + 2. Let h be y(0). Let d(c) = c**3 - 18*c + h - 11*c - 25 + 7*c + 13*c**2. Is d(-14) a prime number?
True
Let v(w) = 3933*w + 1984. Is v(39) composite?
False
Let x = 420645 - 154096. Is x a composite number?
False
Let j be 5/(-1)*8/(-20). Let b be (2 + j + -3)*1. Is 4389/11 - (b + 1) a prime number?
True
Let t = 9 + -9. Suppose t = -2*o + 5*o. Suppose -c - 4*x + 199 = o, -2*c + 3*x + x + 362 = 0. Is c a composite number?
True
Let q be (-30)/20*(-5250)/9. Is 2/(-6)*3 + 3 + q composite?
False
Let a(d) = -783*d**3 + 9*d**2 + 39*d + 230. Is a(-7) a composite number?
True
Let i = 1273666 + -722003. Is i prime?
False
Suppose 2*i - 142110 = 56764. Is i a composite number?
True
Suppose 3*s - 419155 = -5*z, -2*z + 2*s + 154878 = -12784. Is z a prime number?
False
Let g = -1756124 - -2543145. Is g a composite number?
False
Suppose 0 = -5*f + 2*o + 52812 + 64334, -o + 23432 = f. Suppose f = -3*x + 2*m + 60989, 4*m + 16 = 0. Is x a composite number?
False
Suppose 5*p - 2*g + 3*g + 4086 = 0, -4*p - 3272 = 4*g. Let c = 1491 + p. Is c a composite number?
True
Let f(a) = 9*a**3 + 19*a**2 - 29*a - 24. Is f(7) a composite number?
True
Let a(c) = -c**3 - 17*c**2 - 14*c + 22. Let b be a(-16). Let l be (4/b)/((-4)/10). Suppose -6 = 5*v - l, 2*y = -4*v + 1770. Is y composite?
False
Let r(o) = o**2 + 7*o + 8. Let u be r(-4). Let s(h) = -111*h - 25. Is s(u) prime?
True
Let m(y) = -1315*y - 186. Is m(-13) prime?
False
Is ((-126442540)/(-350))/(2/5) a prime number?
False
Suppose 4*g + 604428 = 3*v + 1932416, g + v - 331997 = 0. Is g prime?
True
Let p be 2 - 20/4 - 2204. Let h = p + 1320. Let l = -434 - h. Is l a prime number?
False
Let z(q) = -11*q**3 - q**2 + 13*q - 34. Let r be z(4). Is -5 + 8 + -4 - r prime?
True
Let p be 648/(-10)*(-190)/4 + 0. Let d = p - -865. Is d composite?
False
Suppose 11409278 = -476*w + 510*w. Is w prime?
True
Suppose 5*f - 1191 = 2*i + 2280, -i + f = 1731. Let k = 5911 + i. Is k a prime number?
False
Let l = -23 - -28. Let w be 490/3 + (-12)/(-90)*l. Let v = w - -987. Is v a composite number?
False
Suppose 3*o - 4008 = -o. Let w be 5/(-10) - (-2943)/(-6). Let j = w + o. Is j composite?
True
Suppose 1236 = -9*w + 10*w. Suppose 1064 - 245 = 2*j + 3*n, w = 3*j - 3*n. Let x = j + 126. Is x a composite number?
True
Suppose 0 = -133*r + 130*r - 6, -2*z - 4*r + 34926 = 0. Is z composite?
False
Let y = -67 - -25. Let w = y - -65. Is 1*w/2*(-8 - -54) a composite number?
True
Let q(l) = 237*l + 61. Let o(t) = 60*t + 15. Let a(p) = 9*o(p) - 2*q(p). Suppose 0 = -4*m + 7 + 33. Is a(m) a composite number?
False
Let u = 9504 + 2579. Is u a composite number?
True
Let u be (-182)/(-49) - (-4)/14. Let d be (7/3)/(7/97692*4). Suppose -11*k + d = -u*k. Is k a composite number?
False
Suppose -70*a + 12 = -66*a. Suppose k - a*u + 2*u - 16082 = 0, -48273 = -3*k - 6*u. Is k a prime number?
False
Suppose 5*q - 19*q + 123013 = -3*q. Is q a composite number?
True
Let x = 18785 + 12682. Suppose 3*g - 8623 = 4*h - x, 4*h = 5*g + 22836. Is h a prime number?
False
Let h = -71 - -45. Let m be (-26)/(-65) - h/10. Suppose -69 = -m*n + 96. Is n composite?
True
Let h(b) = -2*b + 3 + 6 + 4*b**2 + 10*b. Let a = 3322 - 3329. Is h(a) composite?
False
Suppose z = -2*f - 26795, -4*z - 107120 = -19*f + 15*f. Let k = z + 46158. Is k a composite number?
False
Let k(v) = v**3 - 45*v**2 - 94*v - 8. Let h be k(47). Is (1*9941)/(-5 + (-2 - h)) composite?
False
Let p = -73 + 76. Suppose 2*m + p*l - 2735 = 0, -3*m = -4*m - 2*l + 1366. Suppose 723 = 5*n - m. Is n a composite number?
False
Let u(z) = -z**3 - 5*z**2 - 17*z + 7. Let k be u(-8). Let o(g) = 2*g + 8*g**2 + k + 150 - 9*g**2. Is o(0) a prime number?
False
Let h = -12321 + 17469. Let j = h - 2713. Is j prime?
False
Suppose -6*c + 18896 = -22204. Suppose -r - 9*r = -c. Is r a composite number?
True
Suppose -16*g + 1238770 = -38046. Is g a composite number?
False
Suppose 0 = 205*n + 121*n - 381662218. Is n prime?
False
Let o(p) = -9964*p**3 + 27*p**2 + 56*p + 6. Is o(-2) composite?
True
Suppose -5*z = -3*j - 2*z - 292494, 5*j = -2*z - 487504. Let p = -61673 - j. Is p a prime number?
False
Let w = 864748 + -406299. Is w a composite number?
False
Suppose -6*l = 3*l - 48510. Suppose -5*j = -3*a - 0*a - l, -1078 = -j - 5*a. Suppose -2087 = -5*b + j. Is b a prime number?
False
Let x = 119109 - 79858. Is x a composite number?
False
Let j(l) be the second derivative of 1238*l**5/5 + 5*l**4/12 - l**3/3 + l**2 + 101*l - 2. Is j(1) a prime number?
True
Let d be (-2510)/4*(-216)/((-60)/(-5)). Suppose -2*w = h - d, -w + 56466 = 28*h - 23*h. Is h prime?
False
Let q = 7157 + 35856. Is q a composite number?
False
Let u(v) = 6*v**2 + 3*v - 2. Let q(d) = 2*d**3 - 3*d**2 + d - 1. Let x be q(2). Suppose -r - x = -2*r. Is u(r) a prime number?
True
Let g = -1 + 11. Suppose 4*n - 11 = 15*n. Is (3 + g)*(n + 90) composite?
True
Suppose -5*l = 3*p - 1, -p + 4*l + 12 = 3*p. Is ((-914)/8)/(p/(-16)) prime?
False
Suppose -5*m + 68677 = -3*x, -44*m + 42*m + 3*x = -27478. Is m a composite number?
True
Let z be (-4 + 8/(-12))*(-3)/2. Suppose 0 = z*r - 4*r + 2340. Let o = 2471 + r. Is o prime?
False
Let z = 2349 - -2500. Suppose -3*f + 3647 = -c, 5*f - 2*c - 1228 - z = 0. Is f prime?
True
Suppose 0 = -5*o - 2*p + 4 + 22, 5*p + 4 = -o. Is 92 + (3 - 12/o) a composite number?
True
Let n(x) = 1116*x**2 + 6*x - 7. Let u be n(7). Suppose u = -35*h + 42*h. Is h a composite number?
False
Let z be 85/(-170) - (7/2 + 2). Is 4966/((4/7)/(z/(-21))) prime?
False
Is -1*((-4889926)/(-3))/(8 - 572/66) composite?
False
Suppose -11*n + 4773 = -683. Suppose c - 403 = 440. Let k = n + c. Is k a composite number?
True
Suppose -2*l = 2*c + 6, -7*c + 10*c + 9 = 3*l. Suppose -5*t = 2*r - t - 2110, -r + 5*t + 1048 = l. Let a = r - -260. Is a a composite number?
True
Suppose 0 = -70*l + 58*l + 4639812. Is l prime?
True
Suppose -243 - 9249 = -12*b. Is -8*(b/(-4) - -1) a prime number?
False
Let d be (106/265)/((-1)/(-30)). Suppose -2603 = -d*n + 11*n. Is n a composite number?
True
Suppose 0 = 2*d - 5*h - 70263 - 62321, 30 = -5*h. Is d a prime number?
False
Let l(b) = 8862*b**3 - 5*b**2 + 4*b - 26. Is l(3) composite?
True
Let o = -21754 - -54005. Is o prime?
True
Suppose -4*i - i = 320. Let m = i + 51. Is 9818/12 - m/(-78) composite?
True
Suppose -4*r = -16, -z + 3*r = 4*r - 22. Suppose 0 = -z*a + 6*a + 71436. Is a prime?
True
Let k(l) = -52*l + 352. Let h be k(7). Let u = h - -2858. Is u a prime number?
False
Let k = 187 - 188. Let x(d) = -2436*d**3 - d**2 - 4*d - 2. Is x(k) prime?
True
Let n = 187232 - 116113. Is n prime?
True
Let y = -229 + 228. Is (-18255)/(-10)*(-2)/y + 2 a prime number?
False
Is (11 - 12)/(7/((-9064664)/8)) a composite number?
False
Suppose 4*g - 6532 = 4*k, -5*g - 5*k + 2*k + 8133 = 0. Let q = g + -832. Is q prime?
True
Suppose -21 = -4*a - 3*x, 0 = a - 3*x + 4 + 2. Suppose -a*y - 19*y = -157498. Is y prime?
True
Let c(d) = 10*d + 101. Let r be c(-10). Let g(s) = 20507*s**2 - 8*s + 8. Is g(r) a composite number?
False
Let c = 3877 + -1949. Let o = -1375 + c. Is o prime?
False
Suppose -26 = -4*s + 2*s - 4*f, -f = -3*s + 18. Suppose -s*i + 77694 = -40459. Is i prime?
True
Let h = 306190 + 285968. Suppose h = 14*l + 28*l. Is l 